s + 524 + 91 = 3*i, 2*s = 5*i - 1028. Is i composite?
True
Let a(r) = -r**2 + 9*r - 4. Suppose 0*s = 3*s - 24. Let l be a(s). Suppose -n = l - 15. Is n a prime number?
True
Let p(k) = 11*k**2 - 4*k - 5. Let l = -28 - -24. Is p(l) composite?
True
Let n(w) = -w**2 - 8*w - 8. Let g be n(-6). Suppose -9 - 3 = -g*z. Is 32 - (-3 - (-4 + z)) a composite number?
True
Suppose -3*m + 7*m + 20 = 0, 3*m + 30 = -5*v. Let o be 0/(0/v + 2). Suppose 5*g - 2 - 48 = o. Is g composite?
True
Let d = 920 - 507. Is d a prime number?
False
Let w = 2 - 1. Suppose w - 11 = -5*g. Is -2*(1 - g) - -1 composite?
False
Let w = 3 - -40. Suppose 2*v - v = w. Is v composite?
False
Let m be -1 + 3/1*1. Suppose -6 = m*a - a. Let n = -3 - a. Is n a prime number?
True
Suppose 4804 = 5*f + 3*v, -3572 + 683 = -3*f - 4*v. Is f a prime number?
False
Let w be ((-2)/(-4))/(3/18). Let v(d) = -d**2 + 3*d - 2. Let g be v(w). Is (g/(-6))/((-2)/(-282)) prime?
True
Let s be 0/((-2)/(2/2)). Suppose n = -s*n + 178. Suppose 0 = -3*a + 6*a - 3, -5*q - 3*a + n = 0. Is q a composite number?
True
Is (-2)/(-10) + (-1628)/(-10) a composite number?
False
Suppose 7 = -5*j - 0*x + 4*x, 5*j + 17 = -x. Let y = j - -12. Is y a prime number?
False
Let o = -430 + 706. Let m = o - 89. Is m a prime number?
False
Suppose 0 = 5*b - 19 - 6. Suppose -5*r + 210 = b*l, -10 = -r - 4*l + 17. Suppose -r = -4*f + 57. Is f a composite number?
True
Let p = 1 + 6. Suppose p*v - 2*v = i + 331, 3*v - 209 = -2*i. Is v a composite number?
False
Is 84/(-21) - (-1092 - -1) prime?
True
Is (2/(-8))/(1/(-764)) a prime number?
True
Let v(f) = f**2 + 7*f - 6. Let h be v(-8). Let i be h/3 + (-13)/(-3). Suppose 0 = 2*q - 5*r + 3 - 10, i*r = 5. Is q a prime number?
False
Let i = -1734 - -4129. Is i prime?
False
Let a(l) = -l**2 + 12*l - 8. Let u be a(11). Suppose w = 0, -u*w = s - 0*s - 79. Is s a composite number?
False
Let d(v) = -v - 5. Let g be d(-8). Suppose 13 = -g*l - 2. Let r(k) = 9*k**2 + 5*k + 3. Is r(l) a prime number?
False
Suppose -3*w + w = 44. Is 2940/44 - 4/w composite?
False
Is (307/2)/((-3)/(-6)) composite?
False
Suppose 0*n = 4*n. Is 0 + (n - -112) + 3 a prime number?
False
Let v(d) = 6*d**3 + 3*d**2 - 2*d + 7. Let b be v(3). Let u = b + -63. Is u a prime number?
True
Let y be -1 + 6/3 + -2. Let p(q) = -45*q**3 + 2*q**2 - 1. Is p(y) prime?
False
Suppose 21 = 2*f + m, -f + 25 - 7 = -2*m. Suppose -f + 31 = b. Suppose 3*i - b = 2*i. Is i a prime number?
True
Let p be (3 - 121)/((-4)/2). Suppose 2*g - 255 = p. Is g prime?
True
Let k = -468 + 803. Is k prime?
False
Let m(f) = -113*f**2 + 2*f - 1. Let d(i) = i**2 + 9*i + 9. Let b be d(-8). Let z be m(b). Let y = 167 + z. Is y prime?
False
Suppose -7 = -5*m - 2. Let q be (2 - m)/(3/6). Suppose 3 = q*j + 2*j - 5*f, 5*f - 32 = -j. Is j a composite number?
False
Is (-29)/((-2)/56*-4*-1) prime?
False
Let i(x) = -3*x - 14. Let p be i(-6). Suppose -t = -2*m + t + 34, 5*m - t - 101 = 0. Suppose j + m = p*j. Is j a prime number?
True
Let f = 82 - 47. Is f a composite number?
True
Suppose -7*p + 2*p - 5 = 0. Is p/(2/(-114)) - -2 a composite number?
False
Suppose o - 3*l + 16 = 0, 5*o + 0*o - 3*l + 20 = 0. Is 48 - (0 - (0 - o)) composite?
True
Let b(u) = 21*u**2 - u + 2. Let z(q) = 43*q**2 - 3*q + 5. Let c(n) = 5*b(n) - 2*z(n). Let t be c(-1). Let s = 7 + t. Is s a prime number?
False
Suppose 2*l = -5*r + 142, 0 = -2*r - 3*l + 21 + 38. Is 2170/r - 2/4 a composite number?
True
Suppose -5*x = -4*o - 245, 258 = -5*o + 5*x - 52. Let j = 30 - o. Suppose 0*i - j = -5*i. Is i prime?
True
Let a(g) = 3*g**2 + g**2 + g**3 - 4*g**2. Let m be a(1). Is -33*(0 - 0 - m) a prime number?
False
Suppose o = 3*o. Suppose 2*u - 168 = 236. Suppose -i - 340 = -4*t - t, o = 3*t - i - u. Is t a composite number?
True
Let m(s) = 7*s**2 - 4*s - 4. Is m(-5) a prime number?
True
Is (14/6)/(4/564) a composite number?
True
Suppose -4*s + 5*z = 28, 4*z - 6 = -s + 2*z. Is s/16 + 1275/24 prime?
True
Suppose 2*f - 2 = 4. Let t be (0 + 0)/((-6)/f). Suppose t = -4*w - 64 + 284. Is w a composite number?
True
Suppose 14*h - 22*h = -4520. Is h a composite number?
True
Let y = 924 - -3859. Is y prime?
True
Let j = 2 - 1. Let u be (18/(-12))/((-3)/(-4)). Is 40 - (-4)/u - j a prime number?
True
Let s(d) = -9*d**3 - 3*d**2 - 3*d - 2. Let o be s(-2). Suppose -o = -r + 13. Is r a prime number?
False
Let j = -16 + 22. Let z(s) = 73*s - 1. Is z(j) a prime number?
False
Let q = 15 - 6. Let x = 232 - q. Is x a prime number?
True
Suppose -3*c + 227 = -3*v + 1265, 692 = 2*v - c. Is v a prime number?
False
Suppose 7*u + 6 = -2*l + 2*u, l + 3*u + 4 = 0. Suppose 17 = -0*m + m + l*g, -49 = -3*m - 4*g. Is m prime?
False
Let p(b) = b**2 + 10. Let r be p(0). Is (-4)/r*(-5 + -110) a prime number?
False
Suppose 0 = -3*a + 5*a + 4*p - 1306, 4*a - 2579 = 3*p. Is a prime?
True
Let y be (747/27)/(1/3). Let z = 336 + y. Is z a composite number?
False
Is 590 + -1 + (-18)/9 composite?
False
Is 268 - (-4 + 0 + 7) prime?
False
Suppose 0 = -5*w - 0*w + 1885. Is w a prime number?
False
Is 4 + (1528 + 2)/2 prime?
True
Let m(z) = -z**3 + 6*z**2 + 6*z + 1. Let f be m(6). Suppose 5*a + f = 2*l - 0*a, -82 = -4*l + 2*a. Is l composite?
True
Suppose 190 = -3*q + 55. Let i = q - -98. Is i a composite number?
False
Is -2*(3 - 197/2) composite?
False
Let m be (-4)/(-12) + 46/6. Let v(d) = -d + 4. Let s be v(m). Let a(f) = -5*f - 1. Is a(s) a composite number?
False
Suppose 0 = -3*q - 3*s, 16 + 8 = 3*q - 3*s. Let z = 75 + q. Is z composite?
False
Is -2*((-4545)/10 - -1) a prime number?
True
Let m(w) be the third derivative of 61*w**6/40 - w**4/24 + w**3/6 + 5*w**2. Is m(1) prime?
False
Suppose -2*b + 369 = -3*m + 35, b = -5*m + 141. Is b prime?
False
Let a be (-12)/3*(-1)/2. Is a/(-1) + 32 + 1 a prime number?
True
Suppose 0*i = 5*i - 20. Let x be (12/(-9))/(i/(-18)). Suppose -4*z + 6 = -x. Is z a composite number?
False
Let u be 0*(2/1)/(-2). Let k(z) = -3*z - 1 + 4*z**2 + 4*z**2 + u*z. Is k(4) a composite number?
True
Suppose 427 = 3*a - 1262. Is a a prime number?
True
Suppose -9 = h + 5*a, 5*h - 4*a - 30 = 2*h. Suppose x - h = -2. Suppose r = 5*c + x*r - 121, -2*c = 4*r - 54. Is c a composite number?
False
Let s(r) = 2*r**2 + 19*r - 16. Let a(x) = -5*x**2 - 57*x + 47. Let o(m) = -3*a(m) - 8*s(m). Is o(15) a prime number?
True
Is ((-2)/3)/(5/15) - -769 a prime number?
False
Let f(g) = 428*g**2 - 2*g + 23. Is f(4) composite?
False
Let o = -32 - -241. Is o composite?
True
Suppose 3*i = -3 - 6. Let q be (1/i)/((-1)/3). Is (-64 + -1)*(q + -2) a prime number?
False
Suppose -4 - 149 = -3*q. Is q a composite number?
True
Suppose 7*p - 3*p - 5*v = 368, p = -2*v + 79. Let w = -30 + p. Is w - (0/(-1) - 2) a composite number?
False
Suppose 5128 = u + 3*u. Let c = 3231 - u. Is c a prime number?
True
Let h be ((-4)/6)/((-2)/(-6)). Let c(q) = -q**2. Let b be c(h). Is (0 + 106)/(-2 - b) a composite number?
False
Suppose 0 = -0*b - b. Suppose p - 35 = -b*p. Is p prime?
False
Let q = -1058 + 1705. Is q a prime number?
True
Suppose -135 = -4*s - 7. Is (-283)/(-4) - (-8)/s a prime number?
True
Suppose 0 = 3*y - 0 - 21. Let g = 0 + y. Is g prime?
True
Suppose -4*o + 2*o = 0. Is -6*(-3)/3 - o composite?
True
Let z(d) = d + 3. Let p be z(-3). Suppose p*w + 4*w = 212. Is w a prime number?
True
Suppose -5*n + 0*n = -7325. Is n a composite number?
True
Is 4/3 + -1 + (-2864)/(-12) a prime number?
True
Let c = -181 + 330. Is c a composite number?
False
Suppose 19258 = 9*f - 3953. Is f a prime number?
True
Let k = 5 - 8. Let h(p) = 10*p**2 + 6*p - 7. Let a(s) = 10*s**2 + 7*s - 8. Let u(z) = -3*a(z) + 4*h(z). Is u(k) a composite number?
True
Suppose 35 = 2*t - 71. Is t a prime number?
True
Is -2*(-5)/((-10)/(-449)) composite?
False
Suppose -7*v - d = -2*v - 520, -3*v + d + 304 = 0. Is v a composite number?
False
Suppose -4*v + 5*v - 229 = 0. Suppose 345 + v = 2*f. Is f a composite number?
True
Suppose -3*c + 83 + 34 = 0. Suppose c = -5*x + 149. Is x a composite number?
True
Suppose 3*u = 511 - 58. Let p be u + 1 + -2 + 0. Suppose -4*k + 70 = -p. Is k a composite number?
True
Let i(v) = 10 - v - 6*v**2 - v + 8*v**2. Is i(7) composite?
True
Suppose u + 4*h = -11, 2*h - 12 = -0*u - 4*u. Suppose b + 308 = u*b. Is b a prime number?
False
Let j(y) = -4*y + 8*y + 1 - 2 - 10. Let k be j(9). Suppo